{"id":4677,"date":"2026-05-06T04:59:05","date_gmt":"2026-05-06T04:59:05","guid":{"rendered":"https:\/\/arans.estrategiaspublicarte.com\/wpnew\/?post_type=product&#038;p=4677"},"modified":"2026-05-07T01:25:11","modified_gmt":"2026-05-07T01:25:11","slug":"oferta-especial-rellenos-o-reafirmante","status":"publish","type":"product","link":"https:\/\/arans.estrategiaspublicarte.com\/wpnew\/producto\/oferta-especial-rellenos-o-reafirmante\/","title":{"rendered":"Rellenos o Reafirmante"},"content":{"rendered":"<p>Depilaci\u00f3n l\u00e1ser en Avil\u00e9s \u2013 Asturias. Centro M\u00e9dico est\u00e9tico Arans pone a su disposici\u00f3n esta promoci\u00f3n. Elija el que m\u00e1s se adapte a sus necesidades. Rellenos o Reafirmante<\/p>\n","protected":false},"excerpt":{"rendered":"<h3>Rellenos o Reafirmante<\/h3>\n<p class=\"promo-tratamiento\">\u00c1cido hialur\u00f3nico \u00b7 Botox \u00b7 Tratamiento Volumizador \u00b7 Resultados inmediatos<\/p>\n","protected":false},"featured_media":0,"template":"","meta":[],"product_brand":[],"product_cat":[39],"product_tag":[47],"class_list":{"0":"post-4677","1":"product","2":"type-product","3":"status-publish","5":"product_cat-medicina-estetica","6":"product_tag-promocion","8":"first","9":"instock","10":"featured","11":"shipping-taxable","12":"purchasable","13":"product-type-variable","14":"has-default-attributes"},"yoast_head":"<!-- This site is optimized with the Yoast SEO plugin v27.6 - https:\/\/yoast.com\/product\/yoast-seo-wordpress\/ -->\n<title>Rellenos o Reafirmante - Depilaci\u00f3n Laser Arans<\/title>\n<meta name=\"robots\" content=\"index, follow, max-snippet:-1, max-image-preview:large, max-video-preview:-1\" \/>\n<link rel=\"canonical\" href=\"https:\/\/arans.estrategiaspublicarte.com\/wpnew\/producto\/oferta-especial-rellenos-o-reafirmante\/\" \/>\n<meta property=\"og:locale\" content=\"es_ES\" \/>\n<meta property=\"og:type\" content=\"article\" \/>\n<meta property=\"og:title\" content=\"Rellenos o Reafirmante - Depilaci\u00f3n Laser Arans\" \/>\n<meta property=\"og:description\" content=\"Rellenos o Reafirmante \u00c1cido hialur\u00f3nico \u00b7 Botox \u00b7 Tratamiento Volumizador \u00b7 Resultados inmediatos\" \/>\n<meta property=\"og:url\" content=\"https:\/\/arans.estrategiaspublicarte.com\/wpnew\/producto\/oferta-especial-rellenos-o-reafirmante\/\" \/>\n<meta property=\"og:site_name\" content=\"Depilaci\u00f3n Laser Arans\" \/>\n<meta property=\"article:modified_time\" content=\"2026-05-07T01:25:11+00:00\" \/>\n<meta name=\"twitter:card\" content=\"summary_large_image\" \/>\n<script type=\"application\/ld+json\" class=\"yoast-schema-graph\">{\"@context\":\"https:\\\/\\\/schema.org\",\"@graph\":[{\"@type\":\"WebPage\",\"@id\":\"https:\\\/\\\/arans.estrategiaspublicarte.com\\\/wpnew\\\/producto\\\/oferta-especial-rellenos-o-reafirmante\\\/\",\"url\":\"https:\\\/\\\/arans.estrategiaspublicarte.com\\\/wpnew\\\/producto\\\/oferta-especial-rellenos-o-reafirmante\\\/\",\"name\":\"Rellenos o Reafirmante - Depilaci\u00f3n Laser Arans\",\"isPartOf\":{\"@id\":\"https:\\\/\\\/arans.estrategiaspublicarte.com\\\/wpnew\\\/#website\"},\"datePublished\":\"2026-05-06T04:59:05+00:00\",\"dateModified\":\"2026-05-07T01:25:11+00:00\",\"breadcrumb\":{\"@id\":\"https:\\\/\\\/arans.estrategiaspublicarte.com\\\/wpnew\\\/producto\\\/oferta-especial-rellenos-o-reafirmante\\\/#breadcrumb\"},\"inLanguage\":\"es\",\"potentialAction\":[{\"@type\":\"ReadAction\",\"target\":[\"https:\\\/\\\/arans.estrategiaspublicarte.com\\\/wpnew\\\/producto\\\/oferta-especial-rellenos-o-reafirmante\\\/\"]}]},{\"@type\":\"BreadcrumbList\",\"@id\":\"https:\\\/\\\/arans.estrategiaspublicarte.com\\\/wpnew\\\/producto\\\/oferta-especial-rellenos-o-reafirmante\\\/#breadcrumb\",\"itemListElement\":[{\"@type\":\"ListItem\",\"position\":1,\"name\":\"Portada\",\"item\":\"https:\\\/\\\/arans.estrategiaspublicarte.com\\\/wpnew\\\/\"},{\"@type\":\"ListItem\",\"position\":2,\"name\":\"Productos\",\"item\":\"https:\\\/\\\/arans.estrategiaspublicarte.com\\\/wpnew\\\/shop\\\/\"},{\"@type\":\"ListItem\",\"position\":3,\"name\":\"Rellenos o Reafirmante\"}]},{\"@type\":\"WebSite\",\"@id\":\"https:\\\/\\\/arans.estrategiaspublicarte.com\\\/wpnew\\\/#website\",\"url\":\"https:\\\/\\\/arans.estrategiaspublicarte.com\\\/wpnew\\\/\",\"name\":\"Depilaci\u00f3n Laser Arans\",\"description\":\"Centro M\u00e9dico Est\u00e9tico Avil\u00e9s. Belleza y Salud\",\"potentialAction\":[{\"@type\":\"SearchAction\",\"target\":{\"@type\":\"EntryPoint\",\"urlTemplate\":\"https:\\\/\\\/arans.estrategiaspublicarte.com\\\/wpnew\\\/?s={search_term_string}\"},\"query-input\":{\"@type\":\"PropertyValueSpecification\",\"valueRequired\":true,\"valueName\":\"search_term_string\"}}],\"inLanguage\":\"es\"}]}<\/script>\n<!-- \/ Yoast SEO plugin. -->","yoast_head_json":{"title":"Rellenos o Reafirmante - Depilaci\u00f3n Laser Arans","robots":{"index":"index","follow":"follow","max-snippet":"max-snippet:-1","max-image-preview":"max-image-preview:large","max-video-preview":"max-video-preview:-1"},"canonical":"https:\/\/arans.estrategiaspublicarte.com\/wpnew\/producto\/oferta-especial-rellenos-o-reafirmante\/","og_locale":"es_ES","og_type":"article","og_title":"Rellenos o Reafirmante - Depilaci\u00f3n Laser Arans","og_description":"Rellenos o Reafirmante \u00c1cido hialur\u00f3nico \u00b7 Botox \u00b7 Tratamiento Volumizador \u00b7 Resultados inmediatos","og_url":"https:\/\/arans.estrategiaspublicarte.com\/wpnew\/producto\/oferta-especial-rellenos-o-reafirmante\/","og_site_name":"Depilaci\u00f3n Laser Arans","article_modified_time":"2026-05-07T01:25:11+00:00","twitter_card":"summary_large_image","schema":{"@context":"https:\/\/schema.org","@graph":[{"@type":"WebPage","@id":"https:\/\/arans.estrategiaspublicarte.com\/wpnew\/producto\/oferta-especial-rellenos-o-reafirmante\/","url":"https:\/\/arans.estrategiaspublicarte.com\/wpnew\/producto\/oferta-especial-rellenos-o-reafirmante\/","name":"Rellenos o Reafirmante - Depilaci\u00f3n Laser Arans","isPartOf":{"@id":"https:\/\/arans.estrategiaspublicarte.com\/wpnew\/#website"},"datePublished":"2026-05-06T04:59:05+00:00","dateModified":"2026-05-07T01:25:11+00:00","breadcrumb":{"@id":"https:\/\/arans.estrategiaspublicarte.com\/wpnew\/producto\/oferta-especial-rellenos-o-reafirmante\/#breadcrumb"},"inLanguage":"es","potentialAction":[{"@type":"ReadAction","target":["https:\/\/arans.estrategiaspublicarte.com\/wpnew\/producto\/oferta-especial-rellenos-o-reafirmante\/"]}]},{"@type":"BreadcrumbList","@id":"https:\/\/arans.estrategiaspublicarte.com\/wpnew\/producto\/oferta-especial-rellenos-o-reafirmante\/#breadcrumb","itemListElement":[{"@type":"ListItem","position":1,"name":"Portada","item":"https:\/\/arans.estrategiaspublicarte.com\/wpnew\/"},{"@type":"ListItem","position":2,"name":"Productos","item":"https:\/\/arans.estrategiaspublicarte.com\/wpnew\/shop\/"},{"@type":"ListItem","position":3,"name":"Rellenos o Reafirmante"}]},{"@type":"WebSite","@id":"https:\/\/arans.estrategiaspublicarte.com\/wpnew\/#website","url":"https:\/\/arans.estrategiaspublicarte.com\/wpnew\/","name":"Depilaci\u00f3n Laser Arans","description":"Centro M\u00e9dico Est\u00e9tico Avil\u00e9s. Belleza y Salud","potentialAction":[{"@type":"SearchAction","target":{"@type":"EntryPoint","urlTemplate":"https:\/\/arans.estrategiaspublicarte.com\/wpnew\/?s={search_term_string}"},"query-input":{"@type":"PropertyValueSpecification","valueRequired":true,"valueName":"search_term_string"}}],"inLanguage":"es"}]}},"_links":{"self":[{"href":"https:\/\/arans.estrategiaspublicarte.com\/wpnew\/wp-json\/wp\/v2\/product\/4677","targetHints":{"allow":["GET"]}}],"collection":[{"href":"https:\/\/arans.estrategiaspublicarte.com\/wpnew\/wp-json\/wp\/v2\/product"}],"about":[{"href":"https:\/\/arans.estrategiaspublicarte.com\/wpnew\/wp-json\/wp\/v2\/types\/product"}],"wp:attachment":[{"href":"https:\/\/arans.estrategiaspublicarte.com\/wpnew\/wp-json\/wp\/v2\/media?parent=4677"}],"wp:term":[{"taxonomy":"product_brand","embeddable":true,"href":"https:\/\/arans.estrategiaspublicarte.com\/wpnew\/wp-json\/wp\/v2\/product_brand?post=4677"},{"taxonomy":"product_cat","embeddable":true,"href":"https:\/\/arans.estrategiaspublicarte.com\/wpnew\/wp-json\/wp\/v2\/product_cat?post=4677"},{"taxonomy":"product_tag","embeddable":true,"href":"https:\/\/arans.estrategiaspublicarte.com\/wpnew\/wp-json\/wp\/v2\/product_tag?post=4677"}],"curies":[{"name":"wp","href":"https:\/\/api.w.org\/{rel}","templated":true}]}}

<p>Depilación láser en Avilés – Asturias. Centro Médico estético Arans pone a su disposición esta promoción. Elija el que más se adapte a sus necesidades. Rellenos o Reafirmante</p>

<h3>Rellenos o Reafirmante</h3>
<p class="promo-tratamiento">Ácido hialurónico · Botox · Tratamiento Volumizador · Resultados inmediatos</p>

<!-- This site is optimized with the Yoast SEO plugin v27.6 - https://yoast.com/product/yoast-seo-wordpress/ -->
<title>Rellenos o Reafirmante - Depilación Laser Arans</title>
<meta name="robots" content="index, follow, max-snippet:-1, max-image-preview:large, max-video-preview:-1" />
<link rel="canonical" href="https://arans.estrategiaspublicarte.com/wpnew/producto/oferta-especial-rellenos-o-reafirmante/" />
<meta property="og:locale" content="es_ES" />
<meta property="og:type" content="article" />
<meta property="og:title" content="Rellenos o Reafirmante - Depilación Laser Arans" />
<meta property="og:description" content="Rellenos o Reafirmante Ácido hialurónico · Botox · Tratamiento Volumizador · Resultados inmediatos" />
<meta property="og:url" content="https://arans.estrategiaspublicarte.com/wpnew/producto/oferta-especial-rellenos-o-reafirmante/" />
<meta property="og:site_name" content="Depilación Laser Arans" />
<meta property="article:modified_time" content="2026-05-07T01:25:11+00:00" />
<meta name="twitter:card" content="summary_large_image" />
<script type="application/ld+json" class="yoast-schema-graph">{"@context":"https:\/\/schema.org","@graph":[{"@type":"WebPage","@id":"https:\/\/arans.estrategiaspublicarte.com\/wpnew\/producto\/oferta-especial-rellenos-o-reafirmante\/","url":"https:\/\/arans.estrategiaspublicarte.com\/wpnew\/producto\/oferta-especial-rellenos-o-reafirmante\/","name":"Rellenos o Reafirmante - Depilación Laser Arans","isPartOf":{"@id":"https:\/\/arans.estrategiaspublicarte.com\/wpnew\/#website"},"datePublished":"2026-05-06T04:59:05+00:00","dateModified":"2026-05-07T01:25:11+00:00","breadcrumb":{"@id":"https:\/\/arans.estrategiaspublicarte.com\/wpnew\/producto\/oferta-especial-rellenos-o-reafirmante\/#breadcrumb"},"inLanguage":"es","potentialAction":[{"@type":"ReadAction","target":["https:\/\/arans.estrategiaspublicarte.com\/wpnew\/producto\/oferta-especial-rellenos-o-reafirmante\/"]}]},{"@type":"BreadcrumbList","@id":"https:\/\/arans.estrategiaspublicarte.com\/wpnew\/producto\/oferta-especial-rellenos-o-reafirmante\/#breadcrumb","itemListElement":[{"@type":"ListItem","position":1,"name":"Portada","item":"https:\/\/arans.estrategiaspublicarte.com\/wpnew\/"},{"@type":"ListItem","position":2,"name":"Productos","item":"https:\/\/arans.estrategiaspublicarte.com\/wpnew\/shop\/"},{"@type":"ListItem","position":3,"name":"Rellenos o Reafirmante"}]},{"@type":"WebSite","@id":"https:\/\/arans.estrategiaspublicarte.com\/wpnew\/#website","url":"https:\/\/arans.estrategiaspublicarte.com\/wpnew\/","name":"Depilación Laser Arans","description":"Centro Médico Estético Avilés. Belleza y Salud","potentialAction":[{"@type":"SearchAction","target":{"@type":"EntryPoint","urlTemplate":"https:\/\/arans.estrategiaspublicarte.com\/wpnew\/?s={search_term_string}"},"query-input":{"@type":"PropertyValueSpecification","valueRequired":true,"valueName":"search_term_string"}}],"inLanguage":"es"}]}</script>
<!-- / Yoast SEO plugin. -->

Rellenos o Reafirmante - Depilación Laser Arans

Rellenos o Reafirmante Ácido hialurónico · Botox · Tratamiento Volumizador · Resultados inmediatos

Depilación Laser Arans

Centro Médico Estético Avilés. Belleza y Salud
