{"id":4608,"date":"2026-04-28T04:43:42","date_gmt":"2026-04-28T04:43:42","guid":{"rendered":"https:\/\/arans.estrategiaspublicarte.com\/wpnew\/?post_type=product&#038;p=4608"},"modified":"2026-04-30T04:42:03","modified_gmt":"2026-04-30T04:42:03","slug":"ciclon-%c2%b7-bono-8-sesiones","status":"publish","type":"product","link":"https:\/\/arans.estrategiaspublicarte.com\/wpnew\/producto\/ciclon-%c2%b7-bono-8-sesiones\/","title":{"rendered":"Cicl\u00f3n \u00b7 Bono 8 Sesiones"},"content":{"rendered":"","protected":false},"excerpt":{"rendered":"<p>Tratamiento combinado intensivo<\/p>\n","protected":false},"featured_media":1202,"template":"","meta":[],"product_brand":[],"product_cat":[41],"product_tag":[],"class_list":{"0":"post-4608","1":"product","2":"type-product","3":"status-publish","4":"has-post-thumbnail","6":"product_cat-nutricion-y-dietetica","8":"first","9":"instock","10":"featured","11":"shipping-taxable","12":"purchasable","13":"product-type-simple"},"yoast_head":"<!-- This site is optimized with the Yoast SEO plugin v27.6 - https:\/\/yoast.com\/product\/yoast-seo-wordpress\/ -->\n<title>Cicl\u00f3n \u00b7 Bono 8 Sesiones - Depilaci\u00f3n Laser Arans<\/title>\n<meta name=\"robots\" content=\"index, follow, max-snippet:-1, max-image-preview:large, max-video-preview:-1\" \/>\n<link rel=\"canonical\" href=\"https:\/\/arans.estrategiaspublicarte.com\/wpnew\/producto\/ciclon-\u00b7-bono-8-sesiones\/\" \/>\n<meta property=\"og:locale\" content=\"es_ES\" \/>\n<meta property=\"og:type\" content=\"article\" \/>\n<meta property=\"og:title\" content=\"Cicl\u00f3n \u00b7 Bono 8 Sesiones - Depilaci\u00f3n Laser Arans\" \/>\n<meta property=\"og:description\" content=\"Tratamiento combinado intensivo\" \/>\n<meta property=\"og:url\" content=\"https:\/\/arans.estrategiaspublicarte.com\/wpnew\/producto\/ciclon-\u00b7-bono-8-sesiones\/\" \/>\n<meta property=\"og:site_name\" content=\"Depilaci\u00f3n Laser Arans\" \/>\n<meta property=\"article:modified_time\" content=\"2026-04-30T04:42:03+00:00\" \/>\n<meta property=\"og:image\" content=\"https:\/\/arans.estrategiaspublicarte.com\/wpnew\/wp-content\/uploads\/2020\/12\/nutricion-dietetica.jpg\" \/>\n\t<meta property=\"og:image:width\" content=\"500\" \/>\n\t<meta property=\"og:image:height\" content=\"300\" \/>\n\t<meta property=\"og:image:type\" content=\"image\/jpeg\" \/>\n<meta name=\"twitter:card\" content=\"summary_large_image\" \/>\n<script type=\"application\/ld+json\" class=\"yoast-schema-graph\">{\"@context\":\"https:\\\/\\\/schema.org\",\"@graph\":[{\"@type\":\"WebPage\",\"@id\":\"https:\\\/\\\/arans.estrategiaspublicarte.com\\\/wpnew\\\/producto\\\/ciclon-%c2%b7-bono-8-sesiones\\\/\",\"url\":\"https:\\\/\\\/arans.estrategiaspublicarte.com\\\/wpnew\\\/producto\\\/ciclon-%c2%b7-bono-8-sesiones\\\/\",\"name\":\"Cicl\u00f3n \u00b7 Bono 8 Sesiones - Depilaci\u00f3n Laser Arans\",\"isPartOf\":{\"@id\":\"https:\\\/\\\/arans.estrategiaspublicarte.com\\\/wpnew\\\/#website\"},\"primaryImageOfPage\":{\"@id\":\"https:\\\/\\\/arans.estrategiaspublicarte.com\\\/wpnew\\\/producto\\\/ciclon-%c2%b7-bono-8-sesiones\\\/#primaryimage\"},\"image\":{\"@id\":\"https:\\\/\\\/arans.estrategiaspublicarte.com\\\/wpnew\\\/producto\\\/ciclon-%c2%b7-bono-8-sesiones\\\/#primaryimage\"},\"thumbnailUrl\":\"https:\\\/\\\/arans.estrategiaspublicarte.com\\\/wpnew\\\/wp-content\\\/uploads\\\/2020\\\/12\\\/nutricion-dietetica.jpg\",\"datePublished\":\"2026-04-28T04:43:42+00:00\",\"dateModified\":\"2026-04-30T04:42:03+00:00\",\"breadcrumb\":{\"@id\":\"https:\\\/\\\/arans.estrategiaspublicarte.com\\\/wpnew\\\/producto\\\/ciclon-%c2%b7-bono-8-sesiones\\\/#breadcrumb\"},\"inLanguage\":\"es\",\"potentialAction\":[{\"@type\":\"ReadAction\",\"target\":[\"https:\\\/\\\/arans.estrategiaspublicarte.com\\\/wpnew\\\/producto\\\/ciclon-%c2%b7-bono-8-sesiones\\\/\"]}]},{\"@type\":\"ImageObject\",\"inLanguage\":\"es\",\"@id\":\"https:\\\/\\\/arans.estrategiaspublicarte.com\\\/wpnew\\\/producto\\\/ciclon-%c2%b7-bono-8-sesiones\\\/#primaryimage\",\"url\":\"https:\\\/\\\/arans.estrategiaspublicarte.com\\\/wpnew\\\/wp-content\\\/uploads\\\/2020\\\/12\\\/nutricion-dietetica.jpg\",\"contentUrl\":\"https:\\\/\\\/arans.estrategiaspublicarte.com\\\/wpnew\\\/wp-content\\\/uploads\\\/2020\\\/12\\\/nutricion-dietetica.jpg\",\"width\":500,\"height\":300,\"caption\":\"Dietista Avil\u00e9s\"},{\"@type\":\"BreadcrumbList\",\"@id\":\"https:\\\/\\\/arans.estrategiaspublicarte.com\\\/wpnew\\\/producto\\\/ciclon-%c2%b7-bono-8-sesiones\\\/#breadcrumb\",\"itemListElement\":[{\"@type\":\"ListItem\",\"position\":1,\"name\":\"Portada\",\"item\":\"https:\\\/\\\/arans.estrategiaspublicarte.com\\\/wpnew\\\/\"},{\"@type\":\"ListItem\",\"position\":2,\"name\":\"Productos\",\"item\":\"https:\\\/\\\/arans.estrategiaspublicarte.com\\\/wpnew\\\/shop\\\/\"},{\"@type\":\"ListItem\",\"position\":3,\"name\":\"Cicl\u00f3n \u00b7 Bono 8 Sesiones\"}]},{\"@type\":\"WebSite\",\"@id\":\"https:\\\/\\\/arans.estrategiaspublicarte.com\\\/wpnew\\\/#website\",\"url\":\"https:\\\/\\\/arans.estrategiaspublicarte.com\\\/wpnew\\\/\",\"name\":\"Depilaci\u00f3n Laser Arans\",\"description\":\"Centro M\u00e9dico Est\u00e9tico Avil\u00e9s. Belleza y Salud\",\"potentialAction\":[{\"@type\":\"SearchAction\",\"target\":{\"@type\":\"EntryPoint\",\"urlTemplate\":\"https:\\\/\\\/arans.estrategiaspublicarte.com\\\/wpnew\\\/?s={search_term_string}\"},\"query-input\":{\"@type\":\"PropertyValueSpecification\",\"valueRequired\":true,\"valueName\":\"search_term_string\"}}],\"inLanguage\":\"es\"}]}<\/script>\n<!-- \/ Yoast SEO plugin. -->","yoast_head_json":{"title":"Cicl\u00f3n \u00b7 Bono 8 Sesiones - Depilaci\u00f3n Laser Arans","robots":{"index":"index","follow":"follow","max-snippet":"max-snippet:-1","max-image-preview":"max-image-preview:large","max-video-preview":"max-video-preview:-1"},"canonical":"https:\/\/arans.estrategiaspublicarte.com\/wpnew\/producto\/ciclon-\u00b7-bono-8-sesiones\/","og_locale":"es_ES","og_type":"article","og_title":"Cicl\u00f3n \u00b7 Bono 8 Sesiones - Depilaci\u00f3n Laser Arans","og_description":"Tratamiento combinado intensivo","og_url":"https:\/\/arans.estrategiaspublicarte.com\/wpnew\/producto\/ciclon-\u00b7-bono-8-sesiones\/","og_site_name":"Depilaci\u00f3n Laser Arans","article_modified_time":"2026-04-30T04:42:03+00:00","og_image":[{"width":500,"height":300,"url":"https:\/\/arans.estrategiaspublicarte.com\/wpnew\/wp-content\/uploads\/2020\/12\/nutricion-dietetica.jpg","type":"image\/jpeg"}],"twitter_card":"summary_large_image","schema":{"@context":"https:\/\/schema.org","@graph":[{"@type":"WebPage","@id":"https:\/\/arans.estrategiaspublicarte.com\/wpnew\/producto\/ciclon-%c2%b7-bono-8-sesiones\/","url":"https:\/\/arans.estrategiaspublicarte.com\/wpnew\/producto\/ciclon-%c2%b7-bono-8-sesiones\/","name":"Cicl\u00f3n \u00b7 Bono 8 Sesiones - Depilaci\u00f3n Laser Arans","isPartOf":{"@id":"https:\/\/arans.estrategiaspublicarte.com\/wpnew\/#website"},"primaryImageOfPage":{"@id":"https:\/\/arans.estrategiaspublicarte.com\/wpnew\/producto\/ciclon-%c2%b7-bono-8-sesiones\/#primaryimage"},"image":{"@id":"https:\/\/arans.estrategiaspublicarte.com\/wpnew\/producto\/ciclon-%c2%b7-bono-8-sesiones\/#primaryimage"},"thumbnailUrl":"https:\/\/arans.estrategiaspublicarte.com\/wpnew\/wp-content\/uploads\/2020\/12\/nutricion-dietetica.jpg","datePublished":"2026-04-28T04:43:42+00:00","dateModified":"2026-04-30T04:42:03+00:00","breadcrumb":{"@id":"https:\/\/arans.estrategiaspublicarte.com\/wpnew\/producto\/ciclon-%c2%b7-bono-8-sesiones\/#breadcrumb"},"inLanguage":"es","potentialAction":[{"@type":"ReadAction","target":["https:\/\/arans.estrategiaspublicarte.com\/wpnew\/producto\/ciclon-%c2%b7-bono-8-sesiones\/"]}]},{"@type":"ImageObject","inLanguage":"es","@id":"https:\/\/arans.estrategiaspublicarte.com\/wpnew\/producto\/ciclon-%c2%b7-bono-8-sesiones\/#primaryimage","url":"https:\/\/arans.estrategiaspublicarte.com\/wpnew\/wp-content\/uploads\/2020\/12\/nutricion-dietetica.jpg","contentUrl":"https:\/\/arans.estrategiaspublicarte.com\/wpnew\/wp-content\/uploads\/2020\/12\/nutricion-dietetica.jpg","width":500,"height":300,"caption":"Dietista Avil\u00e9s"},{"@type":"BreadcrumbList","@id":"https:\/\/arans.estrategiaspublicarte.com\/wpnew\/producto\/ciclon-%c2%b7-bono-8-sesiones\/#breadcrumb","itemListElement":[{"@type":"ListItem","position":1,"name":"Portada","item":"https:\/\/arans.estrategiaspublicarte.com\/wpnew\/"},{"@type":"ListItem","position":2,"name":"Productos","item":"https:\/\/arans.estrategiaspublicarte.com\/wpnew\/shop\/"},{"@type":"ListItem","position":3,"name":"Cicl\u00f3n \u00b7 Bono 8 Sesiones"}]},{"@type":"WebSite","@id":"https:\/\/arans.estrategiaspublicarte.com\/wpnew\/#website","url":"https:\/\/arans.estrategiaspublicarte.com\/wpnew\/","name":"Depilaci\u00f3n Laser Arans","description":"Centro M\u00e9dico Est\u00e9tico Avil\u00e9s. Belleza y Salud","potentialAction":[{"@type":"SearchAction","target":{"@type":"EntryPoint","urlTemplate":"https:\/\/arans.estrategiaspublicarte.com\/wpnew\/?s={search_term_string}"},"query-input":{"@type":"PropertyValueSpecification","valueRequired":true,"valueName":"search_term_string"}}],"inLanguage":"es"}]}},"_links":{"self":[{"href":"https:\/\/arans.estrategiaspublicarte.com\/wpnew\/wp-json\/wp\/v2\/product\/4608","targetHints":{"allow":["GET"]}}],"collection":[{"href":"https:\/\/arans.estrategiaspublicarte.com\/wpnew\/wp-json\/wp\/v2\/product"}],"about":[{"href":"https:\/\/arans.estrategiaspublicarte.com\/wpnew\/wp-json\/wp\/v2\/types\/product"}],"wp:featuredmedia":[{"embeddable":true,"href":"https:\/\/arans.estrategiaspublicarte.com\/wpnew\/wp-json\/wp\/v2\/media\/1202"}],"wp:attachment":[{"href":"https:\/\/arans.estrategiaspublicarte.com\/wpnew\/wp-json\/wp\/v2\/media?parent=4608"}],"wp:term":[{"taxonomy":"product_brand","embeddable":true,"href":"https:\/\/arans.estrategiaspublicarte.com\/wpnew\/wp-json\/wp\/v2\/product_brand?post=4608"},{"taxonomy":"product_cat","embeddable":true,"href":"https:\/\/arans.estrategiaspublicarte.com\/wpnew\/wp-json\/wp\/v2\/product_cat?post=4608"},{"taxonomy":"product_tag","embeddable":true,"href":"https:\/\/arans.estrategiaspublicarte.com\/wpnew\/wp-json\/wp\/v2\/product_tag?post=4608"}],"curies":[{"name":"wp","href":"https:\/\/api.w.org\/{rel}","templated":true}]}}

Ciclón · Bono 8 Sesiones

<!-- This site is optimized with the Yoast SEO plugin v27.6 - https://yoast.com/product/yoast-seo-wordpress/ -->
<title>Ciclón · Bono 8 Sesiones - Depilación Laser Arans</title>
<meta name="robots" content="index, follow, max-snippet:-1, max-image-preview:large, max-video-preview:-1" />
<link rel="canonical" href="https://arans.estrategiaspublicarte.com/wpnew/producto/ciclon-·-bono-8-sesiones/" />
<meta property="og:locale" content="es_ES" />
<meta property="og:type" content="article" />
<meta property="og:title" content="Ciclón · Bono 8 Sesiones - Depilación Laser Arans" />
<meta property="og:description" content="Tratamiento combinado intensivo" />
<meta property="og:url" content="https://arans.estrategiaspublicarte.com/wpnew/producto/ciclon-·-bono-8-sesiones/" />
<meta property="og:site_name" content="Depilación Laser Arans" />
<meta property="article:modified_time" content="2026-04-30T04:42:03+00:00" />
<meta property="og:image" content="https://arans.estrategiaspublicarte.com/wpnew/wp-content/uploads/2020/12/nutricion-dietetica.jpg" />
	<meta property="og:image:width" content="500" />
	<meta property="og:image:height" content="300" />
	<meta property="og:image:type" content="image/jpeg" />
<meta name="twitter:card" content="summary_large_image" />
<script type="application/ld+json" class="yoast-schema-graph">{"@context":"https:\/\/schema.org","@graph":[{"@type":"WebPage","@id":"https:\/\/arans.estrategiaspublicarte.com\/wpnew\/producto\/ciclon-%c2%b7-bono-8-sesiones\/","url":"https:\/\/arans.estrategiaspublicarte.com\/wpnew\/producto\/ciclon-%c2%b7-bono-8-sesiones\/","name":"Ciclón · Bono 8 Sesiones - Depilación Laser Arans","isPartOf":{"@id":"https:\/\/arans.estrategiaspublicarte.com\/wpnew\/#website"},"primaryImageOfPage":{"@id":"https:\/\/arans.estrategiaspublicarte.com\/wpnew\/producto\/ciclon-%c2%b7-bono-8-sesiones\/#primaryimage"},"image":{"@id":"https:\/\/arans.estrategiaspublicarte.com\/wpnew\/producto\/ciclon-%c2%b7-bono-8-sesiones\/#primaryimage"},"thumbnailUrl":"https:\/\/arans.estrategiaspublicarte.com\/wpnew\/wp-content\/uploads\/2020\/12\/nutricion-dietetica.jpg","datePublished":"2026-04-28T04:43:42+00:00","dateModified":"2026-04-30T04:42:03+00:00","breadcrumb":{"@id":"https:\/\/arans.estrategiaspublicarte.com\/wpnew\/producto\/ciclon-%c2%b7-bono-8-sesiones\/#breadcrumb"},"inLanguage":"es","potentialAction":[{"@type":"ReadAction","target":["https:\/\/arans.estrategiaspublicarte.com\/wpnew\/producto\/ciclon-%c2%b7-bono-8-sesiones\/"]}]},{"@type":"ImageObject","inLanguage":"es","@id":"https:\/\/arans.estrategiaspublicarte.com\/wpnew\/producto\/ciclon-%c2%b7-bono-8-sesiones\/#primaryimage","url":"https:\/\/arans.estrategiaspublicarte.com\/wpnew\/wp-content\/uploads\/2020\/12\/nutricion-dietetica.jpg","contentUrl":"https:\/\/arans.estrategiaspublicarte.com\/wpnew\/wp-content\/uploads\/2020\/12\/nutricion-dietetica.jpg","width":500,"height":300,"caption":"Dietista Avilés"},{"@type":"BreadcrumbList","@id":"https:\/\/arans.estrategiaspublicarte.com\/wpnew\/producto\/ciclon-%c2%b7-bono-8-sesiones\/#breadcrumb","itemListElement":[{"@type":"ListItem","position":1,"name":"Portada","item":"https:\/\/arans.estrategiaspublicarte.com\/wpnew\/"},{"@type":"ListItem","position":2,"name":"Productos","item":"https:\/\/arans.estrategiaspublicarte.com\/wpnew\/shop\/"},{"@type":"ListItem","position":3,"name":"Ciclón · Bono 8 Sesiones"}]},{"@type":"WebSite","@id":"https:\/\/arans.estrategiaspublicarte.com\/wpnew\/#website","url":"https:\/\/arans.estrategiaspublicarte.com\/wpnew\/","name":"Depilación Laser Arans","description":"Centro Médico Estético Avilés. Belleza y Salud","potentialAction":[{"@type":"SearchAction","target":{"@type":"EntryPoint","urlTemplate":"https:\/\/arans.estrategiaspublicarte.com\/wpnew\/?s={search_term_string}"},"query-input":{"@type":"PropertyValueSpecification","valueRequired":true,"valueName":"search_term_string"}}],"inLanguage":"es"}]}</script>
<!-- / Yoast SEO plugin. -->

Ciclón · Bono 8 Sesiones - Depilación Laser Arans

Depilación Laser Arans

Dietista Avilés

Centro Médico Estético Avilés. Belleza y Salud
