{"id":3196,"date":"2021-01-07T22:37:04","date_gmt":"2021-01-07T22:37:04","guid":{"rendered":"https:\/\/arans.estrategiaspublicarte.com\/wpnew\/?post_type=product&#038;p=3196"},"modified":"2026-04-30T04:42:58","modified_gmt":"2026-04-30T04:42:58","slug":"tarifas-solarium","status":"publish","type":"product","link":"https:\/\/arans.estrategiaspublicarte.com\/wpnew\/producto\/tarifas-solarium\/","title":{"rendered":"Tarifas Solarium"},"content":{"rendered":"<p>Para mantener el bronceado durante toda la temporada<\/p>\n<p>&nbsp;<\/p>\n","protected":false},"excerpt":{"rendered":"<p>Ducha \u00b7 Mixto \u00b7 Cama \u00b7 Elige la modalidad que prefieras<\/p>\n","protected":false},"featured_media":3197,"template":"","meta":[],"product_brand":[],"product_cat":[42],"product_tag":[45],"class_list":{"0":"post-3196","1":"product","2":"type-product","3":"status-publish","4":"has-post-thumbnail","6":"product_cat-centro-de-bronceado-arans","7":"product_tag-destacados","9":"first","10":"instock","11":"featured","12":"shipping-taxable","13":"purchasable","14":"product-type-variable","15":"has-default-attributes"},"yoast_head":"<!-- This site is optimized with the Yoast SEO plugin v27.6 - https:\/\/yoast.com\/product\/yoast-seo-wordpress\/ -->\n<title>Tarifas Solarium - Depilaci\u00f3n Laser Arans<\/title>\n<meta name=\"robots\" content=\"index, follow, max-snippet:-1, max-image-preview:large, max-video-preview:-1\" \/>\n<link rel=\"canonical\" href=\"https:\/\/arans.estrategiaspublicarte.com\/wpnew\/producto\/tarifas-solarium\/\" \/>\n<meta property=\"og:locale\" content=\"es_ES\" \/>\n<meta property=\"og:type\" content=\"article\" \/>\n<meta property=\"og:title\" content=\"Tarifas Solarium - Depilaci\u00f3n Laser Arans\" \/>\n<meta property=\"og:description\" content=\"Ducha \u00b7 Mixto \u00b7 Cama \u00b7 Elige la modalidad que prefieras\" \/>\n<meta property=\"og:url\" content=\"https:\/\/arans.estrategiaspublicarte.com\/wpnew\/producto\/tarifas-solarium\/\" \/>\n<meta property=\"og:site_name\" content=\"Depilaci\u00f3n Laser Arans\" \/>\n<meta property=\"article:modified_time\" content=\"2026-04-30T04:42:58+00:00\" \/>\n<meta property=\"og:image\" content=\"https:\/\/arans.estrategiaspublicarte.com\/wpnew\/wp-content\/uploads\/2021\/01\/tarifas-solarium.jpg\" \/>\n\t<meta property=\"og:image:width\" content=\"1080\" \/>\n\t<meta property=\"og:image:height\" content=\"1080\" \/>\n\t<meta property=\"og:image:type\" content=\"image\/jpeg\" \/>\n<meta name=\"twitter:card\" content=\"summary_large_image\" \/>\n<script type=\"application\/ld+json\" class=\"yoast-schema-graph\">{\"@context\":\"https:\\\/\\\/schema.org\",\"@graph\":[{\"@type\":\"WebPage\",\"@id\":\"https:\\\/\\\/arans.estrategiaspublicarte.com\\\/wpnew\\\/producto\\\/tarifas-solarium\\\/\",\"url\":\"https:\\\/\\\/arans.estrategiaspublicarte.com\\\/wpnew\\\/producto\\\/tarifas-solarium\\\/\",\"name\":\"Tarifas Solarium - Depilaci\u00f3n Laser Arans\",\"isPartOf\":{\"@id\":\"https:\\\/\\\/arans.estrategiaspublicarte.com\\\/wpnew\\\/#website\"},\"primaryImageOfPage\":{\"@id\":\"https:\\\/\\\/arans.estrategiaspublicarte.com\\\/wpnew\\\/producto\\\/tarifas-solarium\\\/#primaryimage\"},\"image\":{\"@id\":\"https:\\\/\\\/arans.estrategiaspublicarte.com\\\/wpnew\\\/producto\\\/tarifas-solarium\\\/#primaryimage\"},\"thumbnailUrl\":\"https:\\\/\\\/arans.estrategiaspublicarte.com\\\/wpnew\\\/wp-content\\\/uploads\\\/2021\\\/01\\\/tarifas-solarium.jpg\",\"datePublished\":\"2021-01-07T22:37:04+00:00\",\"dateModified\":\"2026-04-30T04:42:58+00:00\",\"breadcrumb\":{\"@id\":\"https:\\\/\\\/arans.estrategiaspublicarte.com\\\/wpnew\\\/producto\\\/tarifas-solarium\\\/#breadcrumb\"},\"inLanguage\":\"es\",\"potentialAction\":[{\"@type\":\"ReadAction\",\"target\":[\"https:\\\/\\\/arans.estrategiaspublicarte.com\\\/wpnew\\\/producto\\\/tarifas-solarium\\\/\"]}]},{\"@type\":\"ImageObject\",\"inLanguage\":\"es\",\"@id\":\"https:\\\/\\\/arans.estrategiaspublicarte.com\\\/wpnew\\\/producto\\\/tarifas-solarium\\\/#primaryimage\",\"url\":\"https:\\\/\\\/arans.estrategiaspublicarte.com\\\/wpnew\\\/wp-content\\\/uploads\\\/2021\\\/01\\\/tarifas-solarium.jpg\",\"contentUrl\":\"https:\\\/\\\/arans.estrategiaspublicarte.com\\\/wpnew\\\/wp-content\\\/uploads\\\/2021\\\/01\\\/tarifas-solarium.jpg\",\"width\":1080,\"height\":1080},{\"@type\":\"BreadcrumbList\",\"@id\":\"https:\\\/\\\/arans.estrategiaspublicarte.com\\\/wpnew\\\/producto\\\/tarifas-solarium\\\/#breadcrumb\",\"itemListElement\":[{\"@type\":\"ListItem\",\"position\":1,\"name\":\"Portada\",\"item\":\"https:\\\/\\\/arans.estrategiaspublicarte.com\\\/wpnew\\\/\"},{\"@type\":\"ListItem\",\"position\":2,\"name\":\"Productos\",\"item\":\"https:\\\/\\\/arans.estrategiaspublicarte.com\\\/wpnew\\\/shop\\\/\"},{\"@type\":\"ListItem\",\"position\":3,\"name\":\"Tarifas Solarium\"}]},{\"@type\":\"WebSite\",\"@id\":\"https:\\\/\\\/arans.estrategiaspublicarte.com\\\/wpnew\\\/#website\",\"url\":\"https:\\\/\\\/arans.estrategiaspublicarte.com\\\/wpnew\\\/\",\"name\":\"Depilaci\u00f3n Laser Arans\",\"description\":\"Centro M\u00e9dico Est\u00e9tico Avil\u00e9s. Belleza y Salud\",\"potentialAction\":[{\"@type\":\"SearchAction\",\"target\":{\"@type\":\"EntryPoint\",\"urlTemplate\":\"https:\\\/\\\/arans.estrategiaspublicarte.com\\\/wpnew\\\/?s={search_term_string}\"},\"query-input\":{\"@type\":\"PropertyValueSpecification\",\"valueRequired\":true,\"valueName\":\"search_term_string\"}}],\"inLanguage\":\"es\"}]}<\/script>\n<!-- \/ Yoast SEO plugin. -->","yoast_head_json":{"title":"Tarifas Solarium - Depilaci\u00f3n Laser Arans","robots":{"index":"index","follow":"follow","max-snippet":"max-snippet:-1","max-image-preview":"max-image-preview:large","max-video-preview":"max-video-preview:-1"},"canonical":"https:\/\/arans.estrategiaspublicarte.com\/wpnew\/producto\/tarifas-solarium\/","og_locale":"es_ES","og_type":"article","og_title":"Tarifas Solarium - Depilaci\u00f3n Laser Arans","og_description":"Ducha \u00b7 Mixto \u00b7 Cama \u00b7 Elige la modalidad que prefieras","og_url":"https:\/\/arans.estrategiaspublicarte.com\/wpnew\/producto\/tarifas-solarium\/","og_site_name":"Depilaci\u00f3n Laser Arans","article_modified_time":"2026-04-30T04:42:58+00:00","og_image":[{"width":1080,"height":1080,"url":"https:\/\/arans.estrategiaspublicarte.com\/wpnew\/wp-content\/uploads\/2021\/01\/tarifas-solarium.jpg","type":"image\/jpeg"}],"twitter_card":"summary_large_image","schema":{"@context":"https:\/\/schema.org","@graph":[{"@type":"WebPage","@id":"https:\/\/arans.estrategiaspublicarte.com\/wpnew\/producto\/tarifas-solarium\/","url":"https:\/\/arans.estrategiaspublicarte.com\/wpnew\/producto\/tarifas-solarium\/","name":"Tarifas Solarium - Depilaci\u00f3n Laser Arans","isPartOf":{"@id":"https:\/\/arans.estrategiaspublicarte.com\/wpnew\/#website"},"primaryImageOfPage":{"@id":"https:\/\/arans.estrategiaspublicarte.com\/wpnew\/producto\/tarifas-solarium\/#primaryimage"},"image":{"@id":"https:\/\/arans.estrategiaspublicarte.com\/wpnew\/producto\/tarifas-solarium\/#primaryimage"},"thumbnailUrl":"https:\/\/arans.estrategiaspublicarte.com\/wpnew\/wp-content\/uploads\/2021\/01\/tarifas-solarium.jpg","datePublished":"2021-01-07T22:37:04+00:00","dateModified":"2026-04-30T04:42:58+00:00","breadcrumb":{"@id":"https:\/\/arans.estrategiaspublicarte.com\/wpnew\/producto\/tarifas-solarium\/#breadcrumb"},"inLanguage":"es","potentialAction":[{"@type":"ReadAction","target":["https:\/\/arans.estrategiaspublicarte.com\/wpnew\/producto\/tarifas-solarium\/"]}]},{"@type":"ImageObject","inLanguage":"es","@id":"https:\/\/arans.estrategiaspublicarte.com\/wpnew\/producto\/tarifas-solarium\/#primaryimage","url":"https:\/\/arans.estrategiaspublicarte.com\/wpnew\/wp-content\/uploads\/2021\/01\/tarifas-solarium.jpg","contentUrl":"https:\/\/arans.estrategiaspublicarte.com\/wpnew\/wp-content\/uploads\/2021\/01\/tarifas-solarium.jpg","width":1080,"height":1080},{"@type":"BreadcrumbList","@id":"https:\/\/arans.estrategiaspublicarte.com\/wpnew\/producto\/tarifas-solarium\/#breadcrumb","itemListElement":[{"@type":"ListItem","position":1,"name":"Portada","item":"https:\/\/arans.estrategiaspublicarte.com\/wpnew\/"},{"@type":"ListItem","position":2,"name":"Productos","item":"https:\/\/arans.estrategiaspublicarte.com\/wpnew\/shop\/"},{"@type":"ListItem","position":3,"name":"Tarifas Solarium"}]},{"@type":"WebSite","@id":"https:\/\/arans.estrategiaspublicarte.com\/wpnew\/#website","url":"https:\/\/arans.estrategiaspublicarte.com\/wpnew\/","name":"Depilaci\u00f3n Laser Arans","description":"Centro M\u00e9dico Est\u00e9tico Avil\u00e9s. Belleza y Salud","potentialAction":[{"@type":"SearchAction","target":{"@type":"EntryPoint","urlTemplate":"https:\/\/arans.estrategiaspublicarte.com\/wpnew\/?s={search_term_string}"},"query-input":{"@type":"PropertyValueSpecification","valueRequired":true,"valueName":"search_term_string"}}],"inLanguage":"es"}]}},"_links":{"self":[{"href":"https:\/\/arans.estrategiaspublicarte.com\/wpnew\/wp-json\/wp\/v2\/product\/3196","targetHints":{"allow":["GET"]}}],"collection":[{"href":"https:\/\/arans.estrategiaspublicarte.com\/wpnew\/wp-json\/wp\/v2\/product"}],"about":[{"href":"https:\/\/arans.estrategiaspublicarte.com\/wpnew\/wp-json\/wp\/v2\/types\/product"}],"wp:featuredmedia":[{"embeddable":true,"href":"https:\/\/arans.estrategiaspublicarte.com\/wpnew\/wp-json\/wp\/v2\/media\/3197"}],"wp:attachment":[{"href":"https:\/\/arans.estrategiaspublicarte.com\/wpnew\/wp-json\/wp\/v2\/media?parent=3196"}],"wp:term":[{"taxonomy":"product_brand","embeddable":true,"href":"https:\/\/arans.estrategiaspublicarte.com\/wpnew\/wp-json\/wp\/v2\/product_brand?post=3196"},{"taxonomy":"product_cat","embeddable":true,"href":"https:\/\/arans.estrategiaspublicarte.com\/wpnew\/wp-json\/wp\/v2\/product_cat?post=3196"},{"taxonomy":"product_tag","embeddable":true,"href":"https:\/\/arans.estrategiaspublicarte.com\/wpnew\/wp-json\/wp\/v2\/product_tag?post=3196"}],"curies":[{"name":"wp","href":"https:\/\/api.w.org\/{rel}","templated":true}]}}

<!-- This site is optimized with the Yoast SEO plugin v27.6 - https://yoast.com/product/yoast-seo-wordpress/ -->
<title>Tarifas Solarium - Depilación Laser Arans</title>
<meta name="robots" content="index, follow, max-snippet:-1, max-image-preview:large, max-video-preview:-1" />
<link rel="canonical" href="https://arans.estrategiaspublicarte.com/wpnew/producto/tarifas-solarium/" />
<meta property="og:locale" content="es_ES" />
<meta property="og:type" content="article" />
<meta property="og:title" content="Tarifas Solarium - Depilación Laser Arans" />
<meta property="og:description" content="Ducha · Mixto · Cama · Elige la modalidad que prefieras" />
<meta property="og:url" content="https://arans.estrategiaspublicarte.com/wpnew/producto/tarifas-solarium/" />
<meta property="og:site_name" content="Depilación Laser Arans" />
<meta property="article:modified_time" content="2026-04-30T04:42:58+00:00" />
<meta property="og:image" content="https://arans.estrategiaspublicarte.com/wpnew/wp-content/uploads/2021/01/tarifas-solarium.jpg" />
	<meta property="og:image:width" content="1080" />
	<meta property="og:image:height" content="1080" />
	<meta property="og:image:type" content="image/jpeg" />
<meta name="twitter:card" content="summary_large_image" />
<script type="application/ld+json" class="yoast-schema-graph">{"@context":"https:\/\/schema.org","@graph":[{"@type":"WebPage","@id":"https:\/\/arans.estrategiaspublicarte.com\/wpnew\/producto\/tarifas-solarium\/","url":"https:\/\/arans.estrategiaspublicarte.com\/wpnew\/producto\/tarifas-solarium\/","name":"Tarifas Solarium - Depilación Laser Arans","isPartOf":{"@id":"https:\/\/arans.estrategiaspublicarte.com\/wpnew\/#website"},"primaryImageOfPage":{"@id":"https:\/\/arans.estrategiaspublicarte.com\/wpnew\/producto\/tarifas-solarium\/#primaryimage"},"image":{"@id":"https:\/\/arans.estrategiaspublicarte.com\/wpnew\/producto\/tarifas-solarium\/#primaryimage"},"thumbnailUrl":"https:\/\/arans.estrategiaspublicarte.com\/wpnew\/wp-content\/uploads\/2021\/01\/tarifas-solarium.jpg","datePublished":"2021-01-07T22:37:04+00:00","dateModified":"2026-04-30T04:42:58+00:00","breadcrumb":{"@id":"https:\/\/arans.estrategiaspublicarte.com\/wpnew\/producto\/tarifas-solarium\/#breadcrumb"},"inLanguage":"es","potentialAction":[{"@type":"ReadAction","target":["https:\/\/arans.estrategiaspublicarte.com\/wpnew\/producto\/tarifas-solarium\/"]}]},{"@type":"ImageObject","inLanguage":"es","@id":"https:\/\/arans.estrategiaspublicarte.com\/wpnew\/producto\/tarifas-solarium\/#primaryimage","url":"https:\/\/arans.estrategiaspublicarte.com\/wpnew\/wp-content\/uploads\/2021\/01\/tarifas-solarium.jpg","contentUrl":"https:\/\/arans.estrategiaspublicarte.com\/wpnew\/wp-content\/uploads\/2021\/01\/tarifas-solarium.jpg","width":1080,"height":1080},{"@type":"BreadcrumbList","@id":"https:\/\/arans.estrategiaspublicarte.com\/wpnew\/producto\/tarifas-solarium\/#breadcrumb","itemListElement":[{"@type":"ListItem","position":1,"name":"Portada","item":"https:\/\/arans.estrategiaspublicarte.com\/wpnew\/"},{"@type":"ListItem","position":2,"name":"Productos","item":"https:\/\/arans.estrategiaspublicarte.com\/wpnew\/shop\/"},{"@type":"ListItem","position":3,"name":"Tarifas Solarium"}]},{"@type":"WebSite","@id":"https:\/\/arans.estrategiaspublicarte.com\/wpnew\/#website","url":"https:\/\/arans.estrategiaspublicarte.com\/wpnew\/","name":"Depilación Laser Arans","description":"Centro Médico Estético Avilés. Belleza y Salud","potentialAction":[{"@type":"SearchAction","target":{"@type":"EntryPoint","urlTemplate":"https:\/\/arans.estrategiaspublicarte.com\/wpnew\/?s={search_term_string}"},"query-input":{"@type":"PropertyValueSpecification","valueRequired":true,"valueName":"search_term_string"}}],"inLanguage":"es"}]}</script>
<!-- / Yoast SEO plugin. -->

Tarifas Solarium - Depilación Laser Arans

Depilación Laser Arans

Centro Médico Estético Avilés. Belleza y Salud
