{"id":1259,"date":"2020-12-30T09:17:41","date_gmt":"2020-12-30T09:17:41","guid":{"rendered":"https:\/\/arans.estrategiaspublicarte.com\/wpnew\/?post_type=product&#038;p=1259"},"modified":"2026-04-30T04:42:42","modified_gmt":"2026-04-30T04:42:42","slug":"fluido-potenciador-de-pestanas-y-cejas-hairplus","status":"publish","type":"product","link":"https:\/\/arans.estrategiaspublicarte.com\/wpnew\/producto\/fluido-potenciador-de-pestanas-y-cejas-hairplus\/","title":{"rendered":"Flu\u00eddo potenciador de pesta\u00f1as y cejas &#8211; Hairplus"},"content":{"rendered":"<p>La composici\u00f3n especial de HAIRPLUS estimula los fol\u00edculos pilosos, potencia su potencial natural de crecimiento y ayuda a conservar, rejuvenecer y cuidar la nueva longitud de las pesta\u00f1as. HAIRPLUS aumenta la elasticidad de la estructura capilar y evita que el pelo se quiebre. Sus biop\u00e9ptidos refuerzan la estructura capilar y act\u00faan contra la ca\u00edda del pelo.<\/p>\n<p>La piel circundante de las pesta\u00f1as y las cejas es especialmente importante. Las vitaminas A, C, y E la nutren y protegen de las inclemencias medioambientales. Adem\u00e1s, el extracto de ginseng que contiene intensifica la circulaci\u00f3n de la piel y los fol\u00edculos, lo cual optimiza el tratamiento con nutrientes y maximiza el potencial de crecimiento natural.<\/p>\n<p>Otros ingredientes esenciales son el pantenol y los extractos de flores y frutas. Producen un efecto tonificante sobre los fol\u00edculos, dejan las cejas y pesta\u00f1as suaves y calman la piel irritada.<\/p>\n","protected":false},"excerpt":{"rendered":"<p>SERUM DE PESTA\u00d1AS<\/p>\n","protected":false},"featured_media":1260,"template":"","meta":[],"product_brand":[],"product_cat":[30],"product_tag":[45],"class_list":{"0":"post-1259","1":"product","2":"type-product","3":"status-publish","4":"has-post-thumbnail","6":"product_cat-productos-hairplus","7":"product_tag-destacados","9":"first","10":"instock","11":"featured","12":"shipping-taxable","13":"purchasable","14":"product-type-simple"},"yoast_head":"<!-- This site is optimized with the Yoast SEO plugin v27.6 - https:\/\/yoast.com\/product\/yoast-seo-wordpress\/ -->\n<title>Flu\u00eddo potenciador de pesta\u00f1as y cejas - Hairplus - Depilaci\u00f3n Laser Arans<\/title>\n<meta name=\"robots\" content=\"index, follow, max-snippet:-1, max-image-preview:large, max-video-preview:-1\" \/>\n<link rel=\"canonical\" href=\"https:\/\/arans.estrategiaspublicarte.com\/wpnew\/producto\/fluido-potenciador-de-pestanas-y-cejas-hairplus\/\" \/>\n<meta property=\"og:locale\" content=\"es_ES\" \/>\n<meta property=\"og:type\" content=\"article\" \/>\n<meta property=\"og:title\" content=\"Flu\u00eddo potenciador de pesta\u00f1as y cejas - Hairplus - Depilaci\u00f3n Laser Arans\" \/>\n<meta property=\"og:description\" content=\"SERUM DE PESTA\u00d1AS\" \/>\n<meta property=\"og:url\" content=\"https:\/\/arans.estrategiaspublicarte.com\/wpnew\/producto\/fluido-potenciador-de-pestanas-y-cejas-hairplus\/\" \/>\n<meta property=\"og:site_name\" content=\"Depilaci\u00f3n Laser Arans\" \/>\n<meta property=\"article:modified_time\" content=\"2026-04-30T04:42:42+00:00\" \/>\n<meta property=\"og:image\" content=\"https:\/\/arans.estrategiaspublicarte.com\/wpnew\/wp-content\/uploads\/2020\/12\/Fluido-potenciador-de-pestanas-y-cejas-HAIRPLUS.jpg\" \/>\n\t<meta property=\"og:image:width\" content=\"324\" \/>\n\t<meta property=\"og:image:height\" content=\"324\" \/>\n\t<meta property=\"og:image:type\" content=\"image\/jpeg\" \/>\n<meta name=\"twitter:card\" content=\"summary_large_image\" \/>\n<meta name=\"twitter:label1\" content=\"Tiempo de lectura\" \/>\n\t<meta name=\"twitter:data1\" content=\"1 minuto\" \/>\n<script type=\"application\/ld+json\" class=\"yoast-schema-graph\">{\"@context\":\"https:\\\/\\\/schema.org\",\"@graph\":[{\"@type\":\"WebPage\",\"@id\":\"https:\\\/\\\/arans.estrategiaspublicarte.com\\\/wpnew\\\/producto\\\/fluido-potenciador-de-pestanas-y-cejas-hairplus\\\/\",\"url\":\"https:\\\/\\\/arans.estrategiaspublicarte.com\\\/wpnew\\\/producto\\\/fluido-potenciador-de-pestanas-y-cejas-hairplus\\\/\",\"name\":\"Flu\u00eddo potenciador de pesta\u00f1as y cejas - Hairplus - Depilaci\u00f3n Laser Arans\",\"isPartOf\":{\"@id\":\"https:\\\/\\\/arans.estrategiaspublicarte.com\\\/wpnew\\\/#website\"},\"primaryImageOfPage\":{\"@id\":\"https:\\\/\\\/arans.estrategiaspublicarte.com\\\/wpnew\\\/producto\\\/fluido-potenciador-de-pestanas-y-cejas-hairplus\\\/#primaryimage\"},\"image\":{\"@id\":\"https:\\\/\\\/arans.estrategiaspublicarte.com\\\/wpnew\\\/producto\\\/fluido-potenciador-de-pestanas-y-cejas-hairplus\\\/#primaryimage\"},\"thumbnailUrl\":\"https:\\\/\\\/arans.estrategiaspublicarte.com\\\/wpnew\\\/wp-content\\\/uploads\\\/2020\\\/12\\\/Fluido-potenciador-de-pestanas-y-cejas-HAIRPLUS.jpg\",\"datePublished\":\"2020-12-30T09:17:41+00:00\",\"dateModified\":\"2026-04-30T04:42:42+00:00\",\"breadcrumb\":{\"@id\":\"https:\\\/\\\/arans.estrategiaspublicarte.com\\\/wpnew\\\/producto\\\/fluido-potenciador-de-pestanas-y-cejas-hairplus\\\/#breadcrumb\"},\"inLanguage\":\"es\",\"potentialAction\":[{\"@type\":\"ReadAction\",\"target\":[\"https:\\\/\\\/arans.estrategiaspublicarte.com\\\/wpnew\\\/producto\\\/fluido-potenciador-de-pestanas-y-cejas-hairplus\\\/\"]}]},{\"@type\":\"ImageObject\",\"inLanguage\":\"es\",\"@id\":\"https:\\\/\\\/arans.estrategiaspublicarte.com\\\/wpnew\\\/producto\\\/fluido-potenciador-de-pestanas-y-cejas-hairplus\\\/#primaryimage\",\"url\":\"https:\\\/\\\/arans.estrategiaspublicarte.com\\\/wpnew\\\/wp-content\\\/uploads\\\/2020\\\/12\\\/Fluido-potenciador-de-pestanas-y-cejas-HAIRPLUS.jpg\",\"contentUrl\":\"https:\\\/\\\/arans.estrategiaspublicarte.com\\\/wpnew\\\/wp-content\\\/uploads\\\/2020\\\/12\\\/Fluido-potenciador-de-pestanas-y-cejas-HAIRPLUS.jpg\",\"width\":324,\"height\":324,\"caption\":\"Fluido-potenciador-de-pesta\u00f1as-y-cejas-HAIRPLUS\"},{\"@type\":\"BreadcrumbList\",\"@id\":\"https:\\\/\\\/arans.estrategiaspublicarte.com\\\/wpnew\\\/producto\\\/fluido-potenciador-de-pestanas-y-cejas-hairplus\\\/#breadcrumb\",\"itemListElement\":[{\"@type\":\"ListItem\",\"position\":1,\"name\":\"Portada\",\"item\":\"https:\\\/\\\/arans.estrategiaspublicarte.com\\\/wpnew\\\/\"},{\"@type\":\"ListItem\",\"position\":2,\"name\":\"Productos\",\"item\":\"https:\\\/\\\/arans.estrategiaspublicarte.com\\\/wpnew\\\/shop\\\/\"},{\"@type\":\"ListItem\",\"position\":3,\"name\":\"Flu\u00eddo potenciador de pesta\u00f1as y cejas &#8211; Hairplus\"}]},{\"@type\":\"WebSite\",\"@id\":\"https:\\\/\\\/arans.estrategiaspublicarte.com\\\/wpnew\\\/#website\",\"url\":\"https:\\\/\\\/arans.estrategiaspublicarte.com\\\/wpnew\\\/\",\"name\":\"Depilaci\u00f3n Laser Arans\",\"description\":\"Centro M\u00e9dico Est\u00e9tico Avil\u00e9s. Belleza y Salud\",\"potentialAction\":[{\"@type\":\"SearchAction\",\"target\":{\"@type\":\"EntryPoint\",\"urlTemplate\":\"https:\\\/\\\/arans.estrategiaspublicarte.com\\\/wpnew\\\/?s={search_term_string}\"},\"query-input\":{\"@type\":\"PropertyValueSpecification\",\"valueRequired\":true,\"valueName\":\"search_term_string\"}}],\"inLanguage\":\"es\"}]}<\/script>\n<!-- \/ Yoast SEO plugin. -->","yoast_head_json":{"title":"Flu\u00eddo potenciador de pesta\u00f1as y cejas - Hairplus - Depilaci\u00f3n Laser Arans","robots":{"index":"index","follow":"follow","max-snippet":"max-snippet:-1","max-image-preview":"max-image-preview:large","max-video-preview":"max-video-preview:-1"},"canonical":"https:\/\/arans.estrategiaspublicarte.com\/wpnew\/producto\/fluido-potenciador-de-pestanas-y-cejas-hairplus\/","og_locale":"es_ES","og_type":"article","og_title":"Flu\u00eddo potenciador de pesta\u00f1as y cejas - Hairplus - Depilaci\u00f3n Laser Arans","og_description":"SERUM DE PESTA\u00d1AS","og_url":"https:\/\/arans.estrategiaspublicarte.com\/wpnew\/producto\/fluido-potenciador-de-pestanas-y-cejas-hairplus\/","og_site_name":"Depilaci\u00f3n Laser Arans","article_modified_time":"2026-04-30T04:42:42+00:00","og_image":[{"width":324,"height":324,"url":"https:\/\/arans.estrategiaspublicarte.com\/wpnew\/wp-content\/uploads\/2020\/12\/Fluido-potenciador-de-pestanas-y-cejas-HAIRPLUS.jpg","type":"image\/jpeg"}],"twitter_card":"summary_large_image","twitter_misc":{"Tiempo de lectura":"1 minuto"},"schema":{"@context":"https:\/\/schema.org","@graph":[{"@type":"WebPage","@id":"https:\/\/arans.estrategiaspublicarte.com\/wpnew\/producto\/fluido-potenciador-de-pestanas-y-cejas-hairplus\/","url":"https:\/\/arans.estrategiaspublicarte.com\/wpnew\/producto\/fluido-potenciador-de-pestanas-y-cejas-hairplus\/","name":"Flu\u00eddo potenciador de pesta\u00f1as y cejas - Hairplus - Depilaci\u00f3n Laser Arans","isPartOf":{"@id":"https:\/\/arans.estrategiaspublicarte.com\/wpnew\/#website"},"primaryImageOfPage":{"@id":"https:\/\/arans.estrategiaspublicarte.com\/wpnew\/producto\/fluido-potenciador-de-pestanas-y-cejas-hairplus\/#primaryimage"},"image":{"@id":"https:\/\/arans.estrategiaspublicarte.com\/wpnew\/producto\/fluido-potenciador-de-pestanas-y-cejas-hairplus\/#primaryimage"},"thumbnailUrl":"https:\/\/arans.estrategiaspublicarte.com\/wpnew\/wp-content\/uploads\/2020\/12\/Fluido-potenciador-de-pestanas-y-cejas-HAIRPLUS.jpg","datePublished":"2020-12-30T09:17:41+00:00","dateModified":"2026-04-30T04:42:42+00:00","breadcrumb":{"@id":"https:\/\/arans.estrategiaspublicarte.com\/wpnew\/producto\/fluido-potenciador-de-pestanas-y-cejas-hairplus\/#breadcrumb"},"inLanguage":"es","potentialAction":[{"@type":"ReadAction","target":["https:\/\/arans.estrategiaspublicarte.com\/wpnew\/producto\/fluido-potenciador-de-pestanas-y-cejas-hairplus\/"]}]},{"@type":"ImageObject","inLanguage":"es","@id":"https:\/\/arans.estrategiaspublicarte.com\/wpnew\/producto\/fluido-potenciador-de-pestanas-y-cejas-hairplus\/#primaryimage","url":"https:\/\/arans.estrategiaspublicarte.com\/wpnew\/wp-content\/uploads\/2020\/12\/Fluido-potenciador-de-pestanas-y-cejas-HAIRPLUS.jpg","contentUrl":"https:\/\/arans.estrategiaspublicarte.com\/wpnew\/wp-content\/uploads\/2020\/12\/Fluido-potenciador-de-pestanas-y-cejas-HAIRPLUS.jpg","width":324,"height":324,"caption":"Fluido-potenciador-de-pesta\u00f1as-y-cejas-HAIRPLUS"},{"@type":"BreadcrumbList","@id":"https:\/\/arans.estrategiaspublicarte.com\/wpnew\/producto\/fluido-potenciador-de-pestanas-y-cejas-hairplus\/#breadcrumb","itemListElement":[{"@type":"ListItem","position":1,"name":"Portada","item":"https:\/\/arans.estrategiaspublicarte.com\/wpnew\/"},{"@type":"ListItem","position":2,"name":"Productos","item":"https:\/\/arans.estrategiaspublicarte.com\/wpnew\/shop\/"},{"@type":"ListItem","position":3,"name":"Flu\u00eddo potenciador de pesta\u00f1as y cejas &#8211; Hairplus"}]},{"@type":"WebSite","@id":"https:\/\/arans.estrategiaspublicarte.com\/wpnew\/#website","url":"https:\/\/arans.estrategiaspublicarte.com\/wpnew\/","name":"Depilaci\u00f3n Laser Arans","description":"Centro M\u00e9dico Est\u00e9tico Avil\u00e9s. Belleza y Salud","potentialAction":[{"@type":"SearchAction","target":{"@type":"EntryPoint","urlTemplate":"https:\/\/arans.estrategiaspublicarte.com\/wpnew\/?s={search_term_string}"},"query-input":{"@type":"PropertyValueSpecification","valueRequired":true,"valueName":"search_term_string"}}],"inLanguage":"es"}]}},"_links":{"self":[{"href":"https:\/\/arans.estrategiaspublicarte.com\/wpnew\/wp-json\/wp\/v2\/product\/1259","targetHints":{"allow":["GET"]}}],"collection":[{"href":"https:\/\/arans.estrategiaspublicarte.com\/wpnew\/wp-json\/wp\/v2\/product"}],"about":[{"href":"https:\/\/arans.estrategiaspublicarte.com\/wpnew\/wp-json\/wp\/v2\/types\/product"}],"wp:featuredmedia":[{"embeddable":true,"href":"https:\/\/arans.estrategiaspublicarte.com\/wpnew\/wp-json\/wp\/v2\/media\/1260"}],"wp:attachment":[{"href":"https:\/\/arans.estrategiaspublicarte.com\/wpnew\/wp-json\/wp\/v2\/media?parent=1259"}],"wp:term":[{"taxonomy":"product_brand","embeddable":true,"href":"https:\/\/arans.estrategiaspublicarte.com\/wpnew\/wp-json\/wp\/v2\/product_brand?post=1259"},{"taxonomy":"product_cat","embeddable":true,"href":"https:\/\/arans.estrategiaspublicarte.com\/wpnew\/wp-json\/wp\/v2\/product_cat?post=1259"},{"taxonomy":"product_tag","embeddable":true,"href":"https:\/\/arans.estrategiaspublicarte.com\/wpnew\/wp-json\/wp\/v2\/product_tag?post=1259"}],"curies":[{"name":"wp","href":"https:\/\/api.w.org\/{rel}","templated":true}]}}

Fluído potenciador de pestañas y cejas &#8211; Hairplus

<p>La composición especial de HAIRPLUS estimula los folículos pilosos, potencia su potencial natural de crecimiento y ayuda a conservar, rejuvenecer y cuidar la nueva longitud de las pestañas. HAIRPLUS aumenta la elasticidad de la estructura capilar y evita que el pelo se quiebre. Sus biopéptidos refuerzan la estructura capilar y actúan contra la caída del pelo.</p>
<p>La piel circundante de las pestañas y las cejas es especialmente importante. Las vitaminas A, C, y E la nutren y protegen de las inclemencias medioambientales. Además, el extracto de ginseng que contiene intensifica la circulación de la piel y los folículos, lo cual optimiza el tratamiento con nutrientes y maximiza el potencial de crecimiento natural.</p>
<p>Otros ingredientes esenciales son el pantenol y los extractos de flores y frutas. Producen un efecto tonificante sobre los folículos, dejan las cejas y pestañas suaves y calman la piel irritada.</p>

<p>SERUM DE PESTAÑAS</p>

<!-- This site is optimized with the Yoast SEO plugin v27.6 - https://yoast.com/product/yoast-seo-wordpress/ -->
<title>Fluído potenciador de pestañas y cejas - Hairplus - Depilación Laser Arans</title>
<meta name="robots" content="index, follow, max-snippet:-1, max-image-preview:large, max-video-preview:-1" />
<link rel="canonical" href="https://arans.estrategiaspublicarte.com/wpnew/producto/fluido-potenciador-de-pestanas-y-cejas-hairplus/" />
<meta property="og:locale" content="es_ES" />
<meta property="og:type" content="article" />
<meta property="og:title" content="Fluído potenciador de pestañas y cejas - Hairplus - Depilación Laser Arans" />
<meta property="og:description" content="SERUM DE PESTAÑAS" />
<meta property="og:url" content="https://arans.estrategiaspublicarte.com/wpnew/producto/fluido-potenciador-de-pestanas-y-cejas-hairplus/" />
<meta property="og:site_name" content="Depilación Laser Arans" />
<meta property="article:modified_time" content="2026-04-30T04:42:42+00:00" />
<meta property="og:image" content="https://arans.estrategiaspublicarte.com/wpnew/wp-content/uploads/2020/12/Fluido-potenciador-de-pestanas-y-cejas-HAIRPLUS.jpg" />
	<meta property="og:image:width" content="324" />
	<meta property="og:image:height" content="324" />
	<meta property="og:image:type" content="image/jpeg" />
<meta name="twitter:card" content="summary_large_image" />
<meta name="twitter:label1" content="Tiempo de lectura" />
	<meta name="twitter:data1" content="1 minuto" />
<script type="application/ld+json" class="yoast-schema-graph">{"@context":"https:\/\/schema.org","@graph":[{"@type":"WebPage","@id":"https:\/\/arans.estrategiaspublicarte.com\/wpnew\/producto\/fluido-potenciador-de-pestanas-y-cejas-hairplus\/","url":"https:\/\/arans.estrategiaspublicarte.com\/wpnew\/producto\/fluido-potenciador-de-pestanas-y-cejas-hairplus\/","name":"Fluído potenciador de pestañas y cejas - Hairplus - Depilación Laser Arans","isPartOf":{"@id":"https:\/\/arans.estrategiaspublicarte.com\/wpnew\/#website"},"primaryImageOfPage":{"@id":"https:\/\/arans.estrategiaspublicarte.com\/wpnew\/producto\/fluido-potenciador-de-pestanas-y-cejas-hairplus\/#primaryimage"},"image":{"@id":"https:\/\/arans.estrategiaspublicarte.com\/wpnew\/producto\/fluido-potenciador-de-pestanas-y-cejas-hairplus\/#primaryimage"},"thumbnailUrl":"https:\/\/arans.estrategiaspublicarte.com\/wpnew\/wp-content\/uploads\/2020\/12\/Fluido-potenciador-de-pestanas-y-cejas-HAIRPLUS.jpg","datePublished":"2020-12-30T09:17:41+00:00","dateModified":"2026-04-30T04:42:42+00:00","breadcrumb":{"@id":"https:\/\/arans.estrategiaspublicarte.com\/wpnew\/producto\/fluido-potenciador-de-pestanas-y-cejas-hairplus\/#breadcrumb"},"inLanguage":"es","potentialAction":[{"@type":"ReadAction","target":["https:\/\/arans.estrategiaspublicarte.com\/wpnew\/producto\/fluido-potenciador-de-pestanas-y-cejas-hairplus\/"]}]},{"@type":"ImageObject","inLanguage":"es","@id":"https:\/\/arans.estrategiaspublicarte.com\/wpnew\/producto\/fluido-potenciador-de-pestanas-y-cejas-hairplus\/#primaryimage","url":"https:\/\/arans.estrategiaspublicarte.com\/wpnew\/wp-content\/uploads\/2020\/12\/Fluido-potenciador-de-pestanas-y-cejas-HAIRPLUS.jpg","contentUrl":"https:\/\/arans.estrategiaspublicarte.com\/wpnew\/wp-content\/uploads\/2020\/12\/Fluido-potenciador-de-pestanas-y-cejas-HAIRPLUS.jpg","width":324,"height":324,"caption":"Fluido-potenciador-de-pestañas-y-cejas-HAIRPLUS"},{"@type":"BreadcrumbList","@id":"https:\/\/arans.estrategiaspublicarte.com\/wpnew\/producto\/fluido-potenciador-de-pestanas-y-cejas-hairplus\/#breadcrumb","itemListElement":[{"@type":"ListItem","position":1,"name":"Portada","item":"https:\/\/arans.estrategiaspublicarte.com\/wpnew\/"},{"@type":"ListItem","position":2,"name":"Productos","item":"https:\/\/arans.estrategiaspublicarte.com\/wpnew\/shop\/"},{"@type":"ListItem","position":3,"name":"Fluído potenciador de pestañas y cejas &#8211; Hairplus"}]},{"@type":"WebSite","@id":"https:\/\/arans.estrategiaspublicarte.com\/wpnew\/#website","url":"https:\/\/arans.estrategiaspublicarte.com\/wpnew\/","name":"Depilación Laser Arans","description":"Centro Médico Estético Avilés. Belleza y Salud","potentialAction":[{"@type":"SearchAction","target":{"@type":"EntryPoint","urlTemplate":"https:\/\/arans.estrategiaspublicarte.com\/wpnew\/?s={search_term_string}"},"query-input":{"@type":"PropertyValueSpecification","valueRequired":true,"valueName":"search_term_string"}}],"inLanguage":"es"}]}</script>
<!-- / Yoast SEO plugin. -->

Fluído potenciador de pestañas y cejas - Hairplus - Depilación Laser Arans

SERUM DE PESTAÑAS

Depilación Laser Arans

Fluido-potenciador-de-pestañas-y-cejas-HAIRPLUS

Centro Médico Estético Avilés. Belleza y Salud
