{"id":3318,"date":"2021-01-08T10:54:48","date_gmt":"2021-01-08T10:54:48","guid":{"rendered":"https:\/\/arans.estrategiaspublicarte.com\/wpnew\/?page_id=3318"},"modified":"2026-05-06T04:08:27","modified_gmt":"2026-05-06T04:08:27","slug":"aviso-legal","status":"publish","type":"page","link":"https:\/\/arans.estrategiaspublicarte.com\/wpnew\/aviso-legal\/","title":{"rendered":"Aviso Legal"},"content":{"rendered":"\n<p>Aviso legal LSSI CE<br>LEY DE LOS SERVICIOS DE LA SOCIEDAD DE LA INFORMACION LSSI<br>ARANS PELUQUERIA Y ESTETICA, S.L., responsable del sitio web, en adelante RESPONSABLE, pone a<br>disposici\u00f3n de los usuarios el presente documento, con el que pretende dar cumplimiento a las obligaciones<br>dispuestas en la Ley 34\/2002, de 11 de julio, de Servicios de la Sociedad de la Informaci\u00f3n y de Comercio<br>Electr\u00f3nico (LSSICE), BOE N \u00ba 166, as\u00ed como informar a todos los usuarios del sitio web respecto a cu\u00e1les son las<br>condiciones de uso. Toda persona que acceda a este sitio web asume el papel de usuario, comprometi\u00e9ndose a la<br>observancia y cumplimiento riguroso de las disposiciones aqu\u00ed dispuestas, as\u00ed como a cualquier otra disposici\u00f3n<br>legal que fuera de aplicaci\u00f3n. ARANS PELUQUERIA Y ESTETICA, S.L.se reserva el derecho de modificar cualquier<br>tipo de informaci\u00f3n que pudiera aparecer en el sitio web, sin que exista obligaci\u00f3n de preavisar o poner en<br>conocimiento de los usuarios dichas obligaciones, entendi\u00e9ndose como suficiente con la publicaci\u00f3n en el sitio web<br>de ARANS PELUQUERIA Y ESTETICA, S.L..<\/p>\n\n\n\n<p><br><strong>1. DATOS IDENTIFICATIVOS<\/strong><br><br>Denominaci\u00f3n social: ARANS PELUQUERIA Y ESTETICA, S.L.<br>NIF: B33677782<br>Domicilio social: QUIRINAL 21, BAJO -33401- AVILES (ASTURIAS)<br>Tel\u00e9fono: 985 56 63 96<br>Correo electr\u00f3nico: ARANSPELUQUERIA@TELECABLE.ES<br>Inscrita en el Registro Mercantil de ASTURIAS<\/p>\n\n\n\n<p>Inscrito en el registro mercantil de Oviedo (Asturias) Tomo 2822, Folio 166, Hoja 24685.<\/p>\n\n\n\n<p><br>2. DERECHOS DE PROPIEDAD INTELECTUAL E INDUSTRIAL<br>El sitio web, incluyendo a t\u00edtulo enunciativo pero no limitativo su programaci\u00f3n, edici\u00f3n, compilaci\u00f3n y dem\u00e1s<br>elementos necesarios para su funcionamiento, los dise\u00f1os, logotipos, texto y\/o gr\u00e1ficos, son propiedad del<br>RESPONSABLE o, si es el caso, dispone de licencia o autorizaci\u00f3n expresa por parte de los autores. Todos los<br>contenidos del sitio web se encuentran debidamente protegidos por la normativa de propiedad intelectual e<br>industrial, as\u00ed como inscritos en los registros p\u00fablicos correspondientes. Independientemente de la finalidad para la<br>que fueran destinados, la reproducci\u00f3n total o parcial, uso, explotaci\u00f3n, distribuci\u00f3n y comercializaci\u00f3n, requiere en<br>todo caso de la autorizaci\u00f3n escrita previa por parte del RESPONSABLE. Cualquier uso no autorizado previamente<br>se considera un incumplimiento grave de los derechos de propiedad intelectual o industrial del autor. Los dise\u00f1os,<br>logotipos, texto y\/o gr\u00e1ficos ajenos al RESPONSABLE y que pudieran aparecer en el sitio web, pertenecen a sus<br>respectivos propietarios, siendo ellos mismos responsables de cualquier posible controversia que pudiera suscitarse<br>respecto a los mismos. El RESPONSABLE autoriza expresamente a que terceros puedan redirigir directamente a los<br>contenidos concretos del sitio web, y en todo caso redirigir al sitio web principal de<br>http:\/\/WWW.ACADEMIARANS.ES; WWW.TIENDAONLINEPESTANASHAIREPLUSARANS.ES , ARANS<br>PELUQUERIA Y ESTETICA, S.L. QUIRINAL 21, BAJO -33401- AVILES (ASTURIAS).<br>El RESPONSABLE reconoce a favor de sus titulares los correspondientes derechos de propiedad intelectual e<br>industrial, no implicando su sola menci\u00f3n o aparici\u00f3n en el sitio web la existencia de derechos o responsabilidad<br>alguna sobre los mismos, como tampoco respaldo, patrocinio o recomendaci\u00f3n por parte del mismo. Para realizar<br>cualquier tipo de observaci\u00f3n respecto a posibles incumplimientos de los derechos de propiedad intelectual o<br>industrial, as\u00ed como sobre cualquiera de los contenidos del sitio web, puede hacerlo a trav\u00e9s de la direcci\u00f3n f\u00edsica en<br>QUIRINAL 21, BAJO -33401- AVILES (ASTURIAS).<\/p>\n","protected":false},"excerpt":{"rendered":"<p>Aviso legal LSSI CELEY DE LOS SERVICIOS DE LA SOCIEDAD DE LA INFORMACION LSSIARANS PELUQUERIA Y ESTETICA, S.L., responsable del&#8230;<\/p>\n","protected":false},"author":1,"featured_media":0,"parent":0,"menu_order":0,"comment_status":"closed","ping_status":"closed","template":"","meta":{"footnotes":""},"class_list":["post-3318","page","type-page","status-publish","hentry"],"yoast_head":"<!-- This site is optimized with the Yoast SEO plugin v27.6 - https:\/\/yoast.com\/product\/yoast-seo-wordpress\/ -->\n<title>Aviso Legal - Depilaci\u00f3n Laser Arans<\/title>\n<meta name=\"robots\" content=\"index, follow, max-snippet:-1, max-image-preview:large, max-video-preview:-1\" \/>\n<link rel=\"canonical\" href=\"https:\/\/arans.estrategiaspublicarte.com\/wpnew\/aviso-legal\/\" \/>\n<meta property=\"og:locale\" content=\"es_ES\" \/>\n<meta property=\"og:type\" content=\"article\" \/>\n<meta property=\"og:title\" content=\"Aviso Legal - Depilaci\u00f3n Laser Arans\" \/>\n<meta property=\"og:description\" content=\"Aviso legal LSSI CELEY DE LOS SERVICIOS DE LA SOCIEDAD DE LA INFORMACION LSSIARANS PELUQUERIA Y ESTETICA, S.L., responsable del...\" \/>\n<meta property=\"og:url\" content=\"https:\/\/arans.estrategiaspublicarte.com\/wpnew\/aviso-legal\/\" \/>\n<meta property=\"og:site_name\" content=\"Depilaci\u00f3n Laser Arans\" \/>\n<meta property=\"article:modified_time\" content=\"2026-05-06T04:08:27+00:00\" \/>\n<meta name=\"twitter:card\" content=\"summary_large_image\" \/>\n<meta name=\"twitter:label1\" content=\"Tiempo de lectura\" \/>\n\t<meta name=\"twitter:data1\" content=\"3 minutos\" \/>\n<script type=\"application\/ld+json\" class=\"yoast-schema-graph\">{\"@context\":\"https:\\\/\\\/schema.org\",\"@graph\":[{\"@type\":\"WebPage\",\"@id\":\"https:\\\/\\\/arans.estrategiaspublicarte.com\\\/wpnew\\\/aviso-legal\\\/\",\"url\":\"https:\\\/\\\/arans.estrategiaspublicarte.com\\\/wpnew\\\/aviso-legal\\\/\",\"name\":\"Aviso Legal - Depilaci\u00f3n Laser Arans\",\"isPartOf\":{\"@id\":\"https:\\\/\\\/arans.estrategiaspublicarte.com\\\/wpnew\\\/#website\"},\"datePublished\":\"2021-01-08T10:54:48+00:00\",\"dateModified\":\"2026-05-06T04:08:27+00:00\",\"breadcrumb\":{\"@id\":\"https:\\\/\\\/arans.estrategiaspublicarte.com\\\/wpnew\\\/aviso-legal\\\/#breadcrumb\"},\"inLanguage\":\"es\",\"potentialAction\":[{\"@type\":\"ReadAction\",\"target\":[\"https:\\\/\\\/arans.estrategiaspublicarte.com\\\/wpnew\\\/aviso-legal\\\/\"]}]},{\"@type\":\"BreadcrumbList\",\"@id\":\"https:\\\/\\\/arans.estrategiaspublicarte.com\\\/wpnew\\\/aviso-legal\\\/#breadcrumb\",\"itemListElement\":[{\"@type\":\"ListItem\",\"position\":1,\"name\":\"Portada\",\"item\":\"https:\\\/\\\/arans.estrategiaspublicarte.com\\\/wpnew\\\/\"},{\"@type\":\"ListItem\",\"position\":2,\"name\":\"Aviso Legal\"}]},{\"@type\":\"WebSite\",\"@id\":\"https:\\\/\\\/arans.estrategiaspublicarte.com\\\/wpnew\\\/#website\",\"url\":\"https:\\\/\\\/arans.estrategiaspublicarte.com\\\/wpnew\\\/\",\"name\":\"Depilaci\u00f3n Laser Arans\",\"description\":\"Centro M\u00e9dico Est\u00e9tico Avil\u00e9s. Belleza y Salud\",\"potentialAction\":[{\"@type\":\"SearchAction\",\"target\":{\"@type\":\"EntryPoint\",\"urlTemplate\":\"https:\\\/\\\/arans.estrategiaspublicarte.com\\\/wpnew\\\/?s={search_term_string}\"},\"query-input\":{\"@type\":\"PropertyValueSpecification\",\"valueRequired\":true,\"valueName\":\"search_term_string\"}}],\"inLanguage\":\"es\"}]}<\/script>\n<!-- \/ Yoast SEO plugin. -->","yoast_head_json":{"title":"Aviso Legal - Depilaci\u00f3n Laser Arans","robots":{"index":"index","follow":"follow","max-snippet":"max-snippet:-1","max-image-preview":"max-image-preview:large","max-video-preview":"max-video-preview:-1"},"canonical":"https:\/\/arans.estrategiaspublicarte.com\/wpnew\/aviso-legal\/","og_locale":"es_ES","og_type":"article","og_title":"Aviso Legal - Depilaci\u00f3n Laser Arans","og_description":"Aviso legal LSSI CELEY DE LOS SERVICIOS DE LA SOCIEDAD DE LA INFORMACION LSSIARANS PELUQUERIA Y ESTETICA, S.L., responsable del...","og_url":"https:\/\/arans.estrategiaspublicarte.com\/wpnew\/aviso-legal\/","og_site_name":"Depilaci\u00f3n Laser Arans","article_modified_time":"2026-05-06T04:08:27+00:00","twitter_card":"summary_large_image","twitter_misc":{"Tiempo de lectura":"3 minutos"},"schema":{"@context":"https:\/\/schema.org","@graph":[{"@type":"WebPage","@id":"https:\/\/arans.estrategiaspublicarte.com\/wpnew\/aviso-legal\/","url":"https:\/\/arans.estrategiaspublicarte.com\/wpnew\/aviso-legal\/","name":"Aviso Legal - Depilaci\u00f3n Laser Arans","isPartOf":{"@id":"https:\/\/arans.estrategiaspublicarte.com\/wpnew\/#website"},"datePublished":"2021-01-08T10:54:48+00:00","dateModified":"2026-05-06T04:08:27+00:00","breadcrumb":{"@id":"https:\/\/arans.estrategiaspublicarte.com\/wpnew\/aviso-legal\/#breadcrumb"},"inLanguage":"es","potentialAction":[{"@type":"ReadAction","target":["https:\/\/arans.estrategiaspublicarte.com\/wpnew\/aviso-legal\/"]}]},{"@type":"BreadcrumbList","@id":"https:\/\/arans.estrategiaspublicarte.com\/wpnew\/aviso-legal\/#breadcrumb","itemListElement":[{"@type":"ListItem","position":1,"name":"Portada","item":"https:\/\/arans.estrategiaspublicarte.com\/wpnew\/"},{"@type":"ListItem","position":2,"name":"Aviso Legal"}]},{"@type":"WebSite","@id":"https:\/\/arans.estrategiaspublicarte.com\/wpnew\/#website","url":"https:\/\/arans.estrategiaspublicarte.com\/wpnew\/","name":"Depilaci\u00f3n Laser Arans","description":"Centro M\u00e9dico Est\u00e9tico Avil\u00e9s. Belleza y Salud","potentialAction":[{"@type":"SearchAction","target":{"@type":"EntryPoint","urlTemplate":"https:\/\/arans.estrategiaspublicarte.com\/wpnew\/?s={search_term_string}"},"query-input":{"@type":"PropertyValueSpecification","valueRequired":true,"valueName":"search_term_string"}}],"inLanguage":"es"}]}},"_links":{"self":[{"href":"https:\/\/arans.estrategiaspublicarte.com\/wpnew\/wp-json\/wp\/v2\/pages\/3318","targetHints":{"allow":["GET"]}}],"collection":[{"href":"https:\/\/arans.estrategiaspublicarte.com\/wpnew\/wp-json\/wp\/v2\/pages"}],"about":[{"href":"https:\/\/arans.estrategiaspublicarte.com\/wpnew\/wp-json\/wp\/v2\/types\/page"}],"author":[{"embeddable":true,"href":"https:\/\/arans.estrategiaspublicarte.com\/wpnew\/wp-json\/wp\/v2\/users\/1"}],"replies":[{"embeddable":true,"href":"https:\/\/arans.estrategiaspublicarte.com\/wpnew\/wp-json\/wp\/v2\/comments?post=3318"}],"version-history":[{"count":4,"href":"https:\/\/arans.estrategiaspublicarte.com\/wpnew\/wp-json\/wp\/v2\/pages\/3318\/revisions"}],"predecessor-version":[{"id":4167,"href":"https:\/\/arans.estrategiaspublicarte.com\/wpnew\/wp-json\/wp\/v2\/pages\/3318\/revisions\/4167"}],"wp:attachment":[{"href":"https:\/\/arans.estrategiaspublicarte.com\/wpnew\/wp-json\/wp\/v2\/media?parent=3318"}],"curies":[{"name":"wp","href":"https:\/\/api.w.org\/{rel}","templated":true}]}}

<p>Aviso legal LSSI CE<br>LEY DE LOS SERVICIOS DE LA SOCIEDAD DE LA INFORMACION LSSI<br>ARANS PELUQUERIA Y ESTETICA, S.L., responsable del sitio web, en adelante RESPONSABLE, pone a<br>disposición de los usuarios el presente documento, con el que pretende dar cumplimiento a las obligaciones<br>dispuestas en la Ley 34/2002, de 11 de julio, de Servicios de la Sociedad de la Información y de Comercio<br>Electrónico (LSSICE), BOE N º 166, así como informar a todos los usuarios del sitio web respecto a cuáles son las<br>condiciones de uso. Toda persona que acceda a este sitio web asume el papel de usuario, comprometiéndose a la<br>observancia y cumplimiento riguroso de las disposiciones aquí dispuestas, así como a cualquier otra disposición<br>legal que fuera de aplicación. ARANS PELUQUERIA Y ESTETICA, S.L.se reserva el derecho de modificar cualquier<br>tipo de información que pudiera aparecer en el sitio web, sin que exista obligación de preavisar o poner en<br>conocimiento de los usuarios dichas obligaciones, entendiéndose como suficiente con la publicación en el sitio web<br>de ARANS PELUQUERIA Y ESTETICA, S.L..</p>



<p><br><strong>1. DATOS IDENTIFICATIVOS</strong><br><br>Denominación social: ARANS PELUQUERIA Y ESTETICA, S.L.<br>NIF: B33677782<br>Domicilio social: QUIRINAL 21, BAJO -33401- AVILES (ASTURIAS)<br>Teléfono: 985 56 63 96<br>Correo electrónico: ARANSPELUQUERIA@TELECABLE.ES<br>Inscrita en el Registro Mercantil de ASTURIAS</p>



<p>Inscrito en el registro mercantil de Oviedo (Asturias) Tomo 2822, Folio 166, Hoja 24685.</p>



<p><br>2. DERECHOS DE PROPIEDAD INTELECTUAL E INDUSTRIAL<br>El sitio web, incluyendo a título enunciativo pero no limitativo su programación, edición, compilación y demás<br>elementos necesarios para su funcionamiento, los diseños, logotipos, texto y/o gráficos, son propiedad del<br>RESPONSABLE o, si es el caso, dispone de licencia o autorización expresa por parte de los autores. Todos los<br>contenidos del sitio web se encuentran debidamente protegidos por la normativa de propiedad intelectual e<br>industrial, así como inscritos en los registros públicos correspondientes. Independientemente de la finalidad para la<br>que fueran destinados, la reproducción total o parcial, uso, explotación, distribución y comercialización, requiere en<br>todo caso de la autorización escrita previa por parte del RESPONSABLE. Cualquier uso no autorizado previamente<br>se considera un incumplimiento grave de los derechos de propiedad intelectual o industrial del autor. Los diseños,<br>logotipos, texto y/o gráficos ajenos al RESPONSABLE y que pudieran aparecer en el sitio web, pertenecen a sus<br>respectivos propietarios, siendo ellos mismos responsables de cualquier posible controversia que pudiera suscitarse<br>respecto a los mismos. El RESPONSABLE autoriza expresamente a que terceros puedan redirigir directamente a los<br>contenidos concretos del sitio web, y en todo caso redirigir al sitio web principal de<br>http://WWW.ACADEMIARANS.ES; WWW.TIENDAONLINEPESTANASHAIREPLUSARANS.ES , ARANS<br>PELUQUERIA Y ESTETICA, S.L. QUIRINAL 21, BAJO -33401- AVILES (ASTURIAS).<br>El RESPONSABLE reconoce a favor de sus titulares los correspondientes derechos de propiedad intelectual e<br>industrial, no implicando su sola mención o aparición en el sitio web la existencia de derechos o responsabilidad<br>alguna sobre los mismos, como tampoco respaldo, patrocinio o recomendación por parte del mismo. Para realizar<br>cualquier tipo de observación respecto a posibles incumplimientos de los derechos de propiedad intelectual o<br>industrial, así como sobre cualquiera de los contenidos del sitio web, puede hacerlo a través de la dirección física en<br>QUIRINAL 21, BAJO -33401- AVILES (ASTURIAS).</p>

<!-- This site is optimized with the Yoast SEO plugin v27.6 - https://yoast.com/product/yoast-seo-wordpress/ -->
<title>Aviso Legal - Depilación Laser Arans</title>
<meta name="robots" content="index, follow, max-snippet:-1, max-image-preview:large, max-video-preview:-1" />
<link rel="canonical" href="https://arans.estrategiaspublicarte.com/wpnew/aviso-legal/" />
<meta property="og:locale" content="es_ES" />
<meta property="og:type" content="article" />
<meta property="og:title" content="Aviso Legal - Depilación Laser Arans" />
<meta property="og:description" content="Aviso legal LSSI CELEY DE LOS SERVICIOS DE LA SOCIEDAD DE LA INFORMACION LSSIARANS PELUQUERIA Y ESTETICA, S.L., responsable del..." />
<meta property="og:url" content="https://arans.estrategiaspublicarte.com/wpnew/aviso-legal/" />
<meta property="og:site_name" content="Depilación Laser Arans" />
<meta property="article:modified_time" content="2026-05-06T04:08:27+00:00" />
<meta name="twitter:card" content="summary_large_image" />
<meta name="twitter:label1" content="Tiempo de lectura" />
	<meta name="twitter:data1" content="3 minutos" />
<script type="application/ld+json" class="yoast-schema-graph">{"@context":"https:\/\/schema.org","@graph":[{"@type":"WebPage","@id":"https:\/\/arans.estrategiaspublicarte.com\/wpnew\/aviso-legal\/","url":"https:\/\/arans.estrategiaspublicarte.com\/wpnew\/aviso-legal\/","name":"Aviso Legal - Depilación Laser Arans","isPartOf":{"@id":"https:\/\/arans.estrategiaspublicarte.com\/wpnew\/#website"},"datePublished":"2021-01-08T10:54:48+00:00","dateModified":"2026-05-06T04:08:27+00:00","breadcrumb":{"@id":"https:\/\/arans.estrategiaspublicarte.com\/wpnew\/aviso-legal\/#breadcrumb"},"inLanguage":"es","potentialAction":[{"@type":"ReadAction","target":["https:\/\/arans.estrategiaspublicarte.com\/wpnew\/aviso-legal\/"]}]},{"@type":"BreadcrumbList","@id":"https:\/\/arans.estrategiaspublicarte.com\/wpnew\/aviso-legal\/#breadcrumb","itemListElement":[{"@type":"ListItem","position":1,"name":"Portada","item":"https:\/\/arans.estrategiaspublicarte.com\/wpnew\/"},{"@type":"ListItem","position":2,"name":"Aviso Legal"}]},{"@type":"WebSite","@id":"https:\/\/arans.estrategiaspublicarte.com\/wpnew\/#website","url":"https:\/\/arans.estrategiaspublicarte.com\/wpnew\/","name":"Depilación Laser Arans","description":"Centro Médico Estético Avilés. Belleza y Salud","potentialAction":[{"@type":"SearchAction","target":{"@type":"EntryPoint","urlTemplate":"https:\/\/arans.estrategiaspublicarte.com\/wpnew\/?s={search_term_string}"},"query-input":{"@type":"PropertyValueSpecification","valueRequired":true,"valueName":"search_term_string"}}],"inLanguage":"es"}]}</script>
<!-- / Yoast SEO plugin. -->

Aviso Legal - Depilación Laser Arans

Depilación Laser Arans

Centro Médico Estético Avilés. Belleza y Salud
